p be a(3). Suppose 12 = -p*c + 49*c. What are the prime factors of (c + 6)/(9/30)?
2, 5
Let n(f) = -f**2 - 2*f + 10. Let h(v) = v**2 + 2*v - 9. Let y(g) = -5*h(g) - 6*n(g). Let s be y(0). Let t = s + 24. List the prime factors of t.
3
Let t = -100 - -284. List the prime factors of t.
2, 23
Suppose -2*z - 6 + 44 = -5*c, 2*c - 24 = -2*z. List the prime factors of 8602/77 + 4/z.
2, 7
Let l = 4 - -16. Let z = 23 - l. List the prime factors of z/(-4 - -7) - -59.
2, 3, 5
Let l = 249 + 53. What are the prime factors of l?
2, 151
Let w(v) = -37*v + 144. List the prime factors of w(-18).
2, 3, 5
Let z(d) = d**3 - 6*d**2 + 8*d - 7. Let u be z(5). Suppose 0 = u*m - 885 - 715. What are the prime factors of m?
2, 5
Let u(l) = 7*l + 23. Let p be u(-5). List the prime factors of 4 + p/2 + 273 + -3.
2, 67
Suppose 5*t = -a + 535, -3*t + 5*t - a = 214. List the prime factors of t.
107
Let n(d) = -309*d + 98. What are the prime factors of n(-5)?
31, 53
Suppose -3*z - 23 = 49. Let k = 36 + z. Suppose -5*n + 3*q = -63 + k, 3*q + 6 = 0. List the prime factors of n.
3
Suppose 4*g + 1 = 9. Let v = -240 - -249. Suppose g*t = 5*h - v + 44, 5*h + 25 = 0. List the prime factors of t.
5
Let b = 36 + 257. What are the prime factors of b?
293
Suppose 5*y + 18 = 2*y. List the prime factors of 4 + (y - -1) - -28.
3
Suppose 4*u = 4*w - 196, 0 = -2*w + 4 - 0. Let i = 136 + u. List the prime factors of i.
89
List the prime factors of ((-16)/(480/(-18)))/(2/890).
3, 89
Let p = 2289 + -1626. List the prime factors of p.
3, 13, 17
Let i = 34 + -48. Let p be (1 - -3) + -25 + 1 + -1. What are the prime factors of p/2*24/i?
2, 3
Let a(x) = 5*x**2 + 2*x**3 - 3*x + 4*x - x**3 - 5 + x. List the prime factors of a(-4).
3
Suppose 2 + 6 = 4*i. Suppose 2*y - 3*s = 26, -3*y = i*s + 24 - 76. What are the prime factors of y - (3 - (7 + -3))?
17
Let u(m) = 4*m**3 - 2*m**2 - m - 5. Let g be u(5). What are the prime factors of g/45 - (-4)/18?
2, 5
Suppose 2*q = 4*f - 2 - 28, -4*f + 23 = 5*q. Suppose -11 = 6*j + f. Let s = j - -13. List the prime factors of s.
2, 5
Let a = 3534 - 1561. What are the prime factors of a?
1973
Let m(f) = -f**2 + 3*f + 1648. What are the prime factors of m(0)?
2, 103
Suppose 0 = 5*h - 413 - 387. Suppose -161 - h = -3*p. List the prime factors of p.
107
Suppose 5*b + 3*j - 6 - 5 = 0, 0 = 3*b + 2*j - 7. List the prime factors of 215/1 + b + 2 + -1.
7, 31
Let q(v) = 6 + 6 - 4*v + 21*v**2 - 4*v. What are the prime factors of q(3)?
3, 59
Let u(n) = -28*n**3 - n**2 + n + 2. Let c be u(-2). Suppose g - 248 = -4*j - 43, -4*j = -4*g - c. What are the prime factors of j?
2, 13
Let q = 9131 + -6184. List the prime factors of q.
7, 421
Let r be (-12)/(-2 + 6)*1/3. What are the prime factors of (0 + 68)*(-1 + 0)*r?
2, 17
Let f(o) = -2*o**3 - 15*o**2 + 7*o - 11. Let h be f(-8). Let z(v) = 6*v + 4. Let l be z(-5). List the prime factors of -1*h/((-6)/l).
13
Let t(k) = 8*k + 1. Let p be t(-5). Let d = 37 + p. List the prime factors of (d - -2 - -3) + 22.
5
Let c(w) be the third derivative of 13*w**5/20 + w**4/24 - w**3/6 + 6*w**2. Let i be ((-6)/(-30))/(1/5). What are the prime factors of c(i)?
3, 13
Let h = -235 - -615. What are the prime factors of h?
2, 5, 19
Let m(g) = g**2 + 11*g - 30. List the prime factors of m(-28).
2, 223
Let r be (12 + -2)*2/4. Suppose r*z = z. Suppose 60 = -z*d + 2*d. List the prime factors of d.
2, 3, 5
Let r(x) = x - 10. Let z be r(10). Suppose f - 3*d + 3 = -0*f, z = -4*f + 3*d - 12. What are the prime factors of ((-16)/20)/(f/15)?
2
Let y(a) = -a**2 - 10*a + 19. Let f = -8 + 0. List the prime factors of y(f).
5, 7
Suppose -5*t + 1488 = 4*y, -153 = -2*y - t + 597. Suppose 291 = 3*k - 2*p - 303, -2*k - 5*p + y = 0. List the prime factors of k.
2, 7
Let h be (1*-1)/(((-4)/20)/1). Suppose h*a - 510 = -5*b + 10, 0 = -4*a + 4*b + 400. What are the prime factors of a?
2, 3, 17
Let q(x) = -x**3 - 6*x**2 + 25*x + 20. List the prime factors of q(-11).
2, 5, 7
Suppose 0 = h + 4 + 5. Let q = h - 30. List the prime factors of 8/12*q/(-2).
13
Let d = -266 + 670. List the prime factors of d.
2, 101
Let g(x) = 4*x - 13. Let c be g(6). Let u(z) = -9*z + 1 + 6*z - 6 + c*z. List the prime factors of u(4).
3
Suppose -1385 - 1011 = -4*b. Suppose -9*x = -85 - b. List the prime factors of x.
2, 19
List the prime factors of 2 + -3 - 8946/(-7).
1277
Let a(o) be the third derivative of -o**7/2520 - 11*o**6/720 - o**4/6 + 3*o**2. Let p(f) be the second derivative of a(f). List the prime factors of p(-9).
2, 3
Let s = 21 - 27. What are the prime factors of 2805/90 - (-1)/s?
31
Let p = 494 + 297. List the prime factors of p/14 + (-3)/(-2).
2, 29
Let u = 0 + 1. Suppose 3*k = -u + 13. Suppose 0 + 1 = s + 4*a, 0 = -k*a - 20. What are the prime factors of s?
3, 7
Let o(a) = 31*a**2 + 6*a - 36. What are the prime factors of o(4)?
2, 11
Let t(y) be the second derivative of -y**5/20 - 7*y**4/12 - 5*y**3/6 + y**2/2 + 2*y. Let n be t(-5). Let z = -3 - n. What are the prime factors of z?
3, 7
Let k(n) = -338*n + 169*n + 174*n - 10. Let y be 4/(-22) - 276/(-66). List the prime factors of k(y).
2, 5
Suppose -z + 21 = l, -l = -3*l - 5*z + 45. Suppose 33 = -19*r + l*r. List the prime factors of r.
3, 11
Let r be ((-2)/3)/((-2)/15). Let c = 10 + 28. Suppose r*m - c = 82. List the prime factors of m.
2, 3
Suppose -3754 - 8342 = -18*m. List the prime factors of m.
2, 3, 7
Let j = -175 - -306. Let a = j + 0. Suppose -16 = 5*v - a. List the prime factors of v.
23
Suppose 3*o + 2*a + 515 = -2*o, 0 = 4*a. Let y = o - -211. What are the prime factors of y?
2, 3
Let y(q) be the second derivative of -q**5/20 + q**4/6 + q**3/3 + q**2/2 + 2*q - 26. Let c be 24/14 + (-2)/(-7). What are the prime factors of y(c)?
5
Let x be (-2 - -5)/(6/(-8)). Let a = -4 - x. Suppose 0 = p + 3*t - 12, 0 = 2*p + 2*t - a*t - 36. List the prime factors of p.
3, 7
Let s be 2/(-2) + 80/2. Let u = s - 2. List the prime factors of u.
37
Let j(d) = d**3 - 9*d**2 - 9*d - 8. Let y be j(9). Let o = -29 + y. Let k = -83 - o. What are the prime factors of k?
5, 7
Let x(b) = -15*b**2 + 4*b - 1. Let j(k) = -14*k**2 + 4*k. Let a(c) = 4*j(c) - 5*x(c). List the prime factors of a(3).
2, 41
Let c(k) = -k**3 + 19*k**2 - 6*k + 39. What are the prime factors of c(14)?
5, 11, 17
Suppose -5*z + 19837 = -n, -53*z + 7936 = -51*z - n. What are the prime factors of z?
3967
Let f(y) = -y**2 - 7*y. Let c be f(-7). Let n(w) = -3*w + c*w + w. List the prime factors of n(-5).
2, 5
Let n = -14 - -3. Let d = 14 + n. Suppose -u = -d, -50 = -5*i - 3*u + 34. List the prime factors of i.
3, 5
Let p(l) = l**3 - l**2 - 2*l. Let m be p(2). Suppose m*j = -5*j + 185. Suppose 3*h - 103 + j = 0. List the prime factors of h.
2, 11
Suppose -4*l + 89 + 75 = 0. What are the prime factors of l?
41
Suppose -44*l + 34*l = -5260. What are the prime factors of l?
2, 263
Let w be 4/(-6)*774/(-4). Suppose 19 - 558 = -7*p. Let d = w - p. What are the prime factors of d?
2, 13
Let a = -505 + 2610. List the prime factors of a.
5, 421
Let d be (-8)/12 + 634/6. Let q = 213 - d. What are the prime factors of q?
2, 3
Let k be (19 - 14)*(1 - -2). List the prime factors of 2/(-1) + (58 - k).
41
Suppose -6*b + 2 = -5*b. Suppose 430 = b*k - 8. Suppose -2*z - z = -k. List the prime factors of z.
73
Suppose 2*z = -2*s + 20, 2*s + 2*s - 70 = 2*z. Let u be (12*-1)/(4/(-6)). Let b = u - s. List the prime factors of b.
3
Suppose 0 = -0*q - 6*q. Suppose q = f - 139 - 71. Suppose 11*l = 8*l + f. List the prime factors of l.
2, 5, 7
Suppose -50*h = -56*h + 1674. What are the prime factors of h?
3, 31
Let v(u) = -u**3 + 11*u**2 - 11*u + 4. Let k be v(9). Let l = k + -46. What are the prime factors of l?
3, 7
Suppose -5*o = -4*q + 9309, 3*o - 25 = -40. What are the prime factors of q?
11, 211
List the prime factors of (40/(-7 - -11))/(4/1024).
2, 5
Let t(s) = s**3 + 3*s**2 + s + 1. Let m be t(-2). Suppose m*i + 3*i = 396. List the prime factors of i.
2, 3, 11
Let o(c) = -5*c**3 - 6*c. Let x(d) = -d**3 - d**2 + 1. Let j(r) = o(r) - 4*x(r). What are the prime factors of j(-4)?
2, 37
Let j(q) = -q**3 + 29*q**2 + 15*q + 207. What are the prime factors of j(23)?
2, 3, 23
Let s = -52 + 56. Suppose -s*t + 846 = 2*t. What are the prime factors of t?
3, 47
Let p(b) = 2*b**3 - b + 1. Let l be p(2). Let c(k) =